 338. Suppose 5*u = z + 40, 2*u - 2*z - 45 = -3*u. Calculate the remainder when ((-1)/(-2))/((-12)/p) is divided by u.
5
Let a(m) = -m**2 + 8*m + 2. Suppose 5*g + 6 = 6*g. Suppose 0 = 4*w + 5*j - 24, -w + j - 5*j + g = 0. Calculate the remainder when 54 is divided by a(w).
12
Let q(r) = r**3 + 6*r**2 - 17*r - 2. What is the remainder when 19 is divided by q(-8)?
1
Let v = 126 - 85. Let j = 43 - 40. Suppose 0*q - 40 = -4*s - 2*q, 28 = 2*s - j*q. What is the remainder when v is divided by s?
8
Suppose r + 565 = 6*r. Suppose -5*o - 2*c + 12 = -134, -5*o + 140 = 5*c. What is the remainder when r is divided by o?
23
Let c(r) = -2*r + 14. Let v be c(5). Let i(t) = 2*t**2 - 3*t - 2. What is the remainder when i(5) is divided by 8 + v - 0/(-3)?
9
Let d be (-23)/184 + (-7)/8. Let k(s) = 15*s**2 + 4*s + 3. What is the remainder when 67 is divided by k(d)?
11
Let w(o) = -o**3 + 3*o**2 + 4*o - 3. Let s be w(4). Let n(a) be the first derivative of -2*a**2 - 3*a + 12. What is the remainder when 16 is divided by n(s)?
7
What is the remainder when 486 is divided by (-13)/(-65) + (-1016)/(-20) + -2?
45
Let s(u) be the first derivative of -2*u**2 - 9*u + 10. What is the remainder when s(-17) is divided by 15?
14
Suppose 4*d - 14 = -6. Let a be -2*(-1)/1 - -1. Suppose d*t = a + 265. Calculate the remainder when t is divided by 34.
32
Suppose 53*k - 57*k + 44 = 0. Suppose -k*y + 6*y = -80. Suppose 3*v + 29 = 4*v. What is the remainder when v is divided by y?
13
Let q be 12/28 - 3/7. Suppose q = -4*x + 100 - 12. Let c(t) = -t**3 + 10*t**2 - t - 7. What is the remainder when c(9) is divided by x?
21
What is the remainder when -41*((-4)/(-1))/(-2) is divided by 28?
26
Suppose c = -0*r + 3*r + 17, 0 = 2*c + 4*r - 84. Suppose -3*z = 2*b - 364, -5*z - b + 459 = -157. What is the remainder when z is divided by c?
28
Let f = 885 - 276. What is the remainder when f is divided by 17?
14
Suppose 23*n + 1617 = 34*n. What is the remainder when n is divided by 22?
15
Let b(l) = 9*l + 1. Let q be 2/((-16)/(-22)) - (-45)/180. Suppose 2*f - q*p = -2*f, 8 = 2*p. What is the remainder when b(1) is divided by f?
1
Let n(m) = -m**2 - m + 46. Suppose 3*f - 2*r = 54, -4*r = -3*f + f + 36. Calculate the remainder when n(0) is divided by f.
10
Suppose k = 5*l - 3*l - 11, -2*l + 2*k + 6 = 0. Suppose 10 = 2*z - l. Suppose -3*w - 15 + 60 = -3*s, 0 = 3*s. Calculate the remainder when w is divided by z.
6
Let q(x) = x**2 - 3*x - 7. Let o be q(-3). Let b(y) = y**2 - 3*y + 11. What is the remainder when b(o) is divided by 25?
24
Let r(c) = 0*c - 2*c - 15 + 33. Let w be r(12). Let k = 17 - w. Calculate the remainder when k is divided by 7.
2
Let v = -149 + 154. Let w(x) = x**3 - 5*x**2 + 9. What is the remainder when w(5) is divided by v?
4
Let f = -20 - -20. What is the remainder when 57 is divided by -1 - f - 0 - (-9 - 21)?
28
Suppose -18 = -p + o, 58*p - 54*p - 64 = 3*o. Suppose 1 = -r + 9. Calculate the remainder when p is divided by r.
2
Let l(o) = 12*o - 4. Let y(a) = -a**2 + 37*a - 11. Let i(c) = -7*l(c) + 2*y(c). Let x = -4 + 6. What is the remainder when i(-5) is divided by x?
0
Let n(i) be the first derivative of -i**3/3 + 7*i**2 + 19*i - 4. Suppose 2*h = 5*h - 45. What is the remainder when 18 is divided by n(h)?
2
Let y(m) = 6*m**2 + 6*m - 7. Let s be y(3). Suppose 5*d = -b + 21, -7*b + 3*b - d + s = 0. What is the remainder when 26 is divided by b?
10
Let b(z) = 7*z - 7. What is the remainder when b(8) is divided by 0 + (-6)/(-3) + 15?
15
Suppose 1380 = -218*v + 238*v. What is the remainder when 182 is divided by v?
44
Suppose 4*u + 0 = 5*s + 1, -2*s + 2 = -u. Suppose 3*a + u*a = 406. Calculate the remainder when a is divided by 12.
10
Suppose 0 = -5*u - 0*u. Suppose 3*n = -u*n. What is the remainder when (-2 - n)*(-7 - 3) is divided by 7?
6
Suppose -11*u + 226 = -38. Calculate the remainder when u is divided by 10.
4
Let w(k) be the third derivative of k**5/60 + 5*k**4/24 - 2*k**3 - 16*k**2. Calculate the remainder when 57 is divided by w(3).
9
Let r = 35 + 1. Suppose -6 = r*x - 33*x. What is the remainder when 55 is divided by (x/(-4))/((-1)/(-58))?
26
Suppose 5*z - 23 = 32. Let k(c) = -4*c - 6. Let m(o) = o**3 + 3*o**2 - 3. Let b be m(-3). What is the remainder when z is divided by k(b)?
5
Suppose 0 + 1 = x. Let u be 2/(-3 + 1/x). What is the remainder when 7 is divided by -13 + 12 - (u - 2)?
1
Suppose 0*r - 721 = -7*r. What is the remainder when r is divided by 5?
3
Suppose 4*h = 5*z - 415, -7*z + 6*z - h + 74 = 0. What is the remainder when z is divided by 29?
21
Let f = -43 + 47. Suppose -5*v + m = -4, 5*v + 4*m + 4 = -12. Suppose o - 1 - 5 = v. Calculate the remainder when o is divided by f.
2
Let k(h) = -2*h - 7. Calculate the remainder when 21 is divided by k(-10).
8
Suppose -70*h + 1415 = -6705. What is the remainder when h is divided by 40?
36
Let a = 11 - 40. Let r = 90 + a. Calculate the remainder when r is divided by (1 + -21)*(-8)/20*2.
13
Suppose 0*w - 4*w = -64. Let s = 21 - 11. What is the remainder when w is divided by s?
6
Suppose 0*o - 4*o + 2*k = 982, 0 = 3*o - 5*k + 740. Let h = -130 - o. Calculate the remainder when h is divided by 30.
25
Let n = -6 - -33. Calculate the remainder when 377 is divided by n.
26
Suppose u - 3*u = -6. Suppose -110 = -5*o + n + u*n, -o + 28 = -2*n. Suppose -4*p + p = -21. What is the remainder when o is divided by p?
4
Let v(l) = -2*l**3 - 23*l**2 - 14*l - 22. Let o be v(-11). Let s = o + 75. Calculate the remainder when s is divided by 30.
26
Suppose 2017 = 13*b + 535. What is the remainder when b is divided by 54?
6
Suppose -201 = -2*b - b. Suppose 0 = -s + c + 23, s - 8 = -7*c + 3*c. Calculate the remainder when b is divided by s.
7
Let t be (20/8 + 1)*120. Suppose 0 = 5*r + 2*i - 411, -8*r - 5*i = -3*r - t. Calculate the remainder when r is divided by 42.
39
Let o = 10 + -6. Suppose 0 = 3*x - 5*y + 2*y - 30, -o*x + 8 = 4*y. Let r(h) = 20*h + 703. What is the remainder when r(-34) is divided by x?
5
Let y = -394 - -406. What is the remainder when 23 is divided by y?
11
Suppose 4*q + 20 = 0, -4*w + 18 = 2*q - 56. What is the remainder when 519 is divided by w?
15
Suppose 5*r - 244 - 3 = -4*j, 226 = 4*j - 2*r. Calculate the remainder when j is divided by 9.
4
Suppose 2*p - 5 = -4*o + 11, -o = 5*p - 13. Suppose 0 = -5*y - 4*h + 62, 12 - 50 = -o*y - 2*h. Let f = 20 + 7. What is the remainder when f is divided by y?
13
Suppose 27 = 5*f + 12. Suppose -2*h = -4*t - 6, -5 = -f*h + t + 9. Calculate the remainder when 11 is divided by h.
1
Suppose t - 21 = -2*t. Suppose -t*r + 40 = -2*r. Suppose 5*n + 16 = r*n + 2*d, 5*n - 56 = 4*d. What is the remainder when 14 is divided by n?
6
Let p be (-211)/(-11) - 4/22. Suppose -r + 2*r = p. Calculate the remainder when 35 is divided by r.
16
Suppose 11*t - 264 = -t. Calculate the remainder when t is divided by (112/(-12))/((-6)/9).
8
Suppose 651 + 422 = 37*t. Let q(a) = -24*a - 7. What is the remainder when q(-5) is divided by t?
26
Let j = 3 - 1. Let q be 51*4*j/24. Let u = q + -5. What is the remainder when 33 is divided by u?
9
Let o(x) = x**2 + 42*x - 133. What is the remainder when o(-52) is divided by 26?
23
Let w = -155 + 248. Let p = -55 + w. Calculate the remainder when p is divided by 14/1*6/4.
17
Let f(h) = -4*h**2 + 4*h - 2. Let c be f(2). Let s be (-15)/c + 1/(-2). What is the remainder when 2 - -14 - (s + 0) is divided by 4?
3
Suppose -4*z + 3*d + 517 = 0, -2*z + 130 = 5*d - 161. Suppose 0 = -2*f + z - 49. Suppose f = 3*v - 6. What is the remainder when 31 is divided by v?
15
Suppose 23*p = 5*p - 396. What is the remainder when 60 is divided by (p/3)/(5 - (-80)/(-15))?
16
Let l = 35 - -3. What is the remainder when (-115)/(-1) + 10/(-5) is divided by l?
37
Let k(g) be the second derivative of g**4/12 + g**3 + 5*g**2/2 + 2*g. Let q be k(-3). What is the remainder when 5*((-148)/(-20) - q) is divided by 30?
27
Suppose -8 = -2*n + 2. Suppose 3*a + 38 = i + 191, n*a + i = 263. What is the remainder when a is divided by 9?
7
Let t = -18 + 12. Let j be 30/5 - t/(-2). Suppose 5*a - 26 = -2*p + a, -j*a = -5*p + 130. Calculate the remainder when p is divided by 13.
10
What is the remainder when (2*-1)/((-20)/220) is divided by -9*6/12*(-4)/3?
4
Suppose 0 = 16*x - 32 - 656. Calculate the 